he tens digit of t?
3
Suppose -t = -h - h - 2086, -9*t - 3*h = -18774. What is the thousands digit of t?
2
Suppose -43*o + 23284 = -17179. What is the units digit of o?
1
Let y be 2 - (-5)/(15/(-6)). Suppose -c - 6 = -y. Let a(g) = -6*g - 1. What is the units digit of a(c)?
5
Let k be 2/6*1*9. Suppose 0 = -0*s + 5*s + 3*a - 11, 0 = k*s - 3*a - 21. What is the units digit of 2 - (2 - 8/s)?
2
Let k(r) = r**3 + 4*r**2 - 10*r - 17. Let p be k(-5). Suppose -p*v - 435 = -11*v. What is the units digit of v?
5
Let y = -699 + 2732. What is the hundreds digit of y?
0
Let d(o) be the third derivative of 19*o**5/60 - o**4/8 + 30*o**2. What is the tens digit of d(2)?
7
Suppose -5*d - 3*h - h = -16, -d = -5*h + 20. Let s = 5 - d. Suppose -16 = -2*o + 3*q, s*q = -5*o + q + 86. What is the units digit of o?
4
Suppose 3*h + 93 + 72 = 0. Let j = h - -115. What is the units digit of j?
0
Let c be 15/((-35)/7) - (0 + 122). What is the hundreds digit of (c/(-2) - -1)*(-48)/(-24)?
1
Suppose -18*m - 3*g = -15*m - 1245, 2*m - g = 839. What is the units digit of m?
8
Let d = 2 - -1. Let g(z) = -z**3 + 2*z + 3. Let a be g(0). Suppose -d*m + a = t, 5*m - 3*m = 0. What is the units digit of t?
3
Let o(x) be the third derivative of -x**5/60 + 13*x**4/24 + 3*x**3/2 - 4*x**2. Let m be o(13). What is the units digit of 2/(-6) - (-39)/m?
4
Let x be (-6)/9 - (-608)/(-6). Let f = -63 - x. What is the tens digit of f?
3
Let f(m) = -m**3 + 5*m**2 - m + 8. Let j be f(5). Suppose 2*c = -h - 3*h + 46, 2*h = 3*c + 11. Let b = j + h. What is the tens digit of b?
1
Suppose -5*k + 4*k = 4*h - 1414, -4*k + 1067 = 3*h. Suppose -2*f + 5*o = -h, 0 = 3*f - 7*o + 2*o - 522. What is the units digit of f?
9
Suppose 2*h = 5*h - 12. Suppose -8*s + h*s = 0. Suppose -5*k + 35 = -s*k. What is the units digit of k?
7
Suppose -2 = -9*p + 7. Let j = p - -5. What is the tens digit of 11 - (j + -3)/3?
1
Let b(z) = 12*z - 1. Let c be b(1). Suppose 0 = -3*n + 2*t - 31, 3*t - 31 = 4*n + c. What is the units digit of (-3 + 54)*(-3)/n?
7
Let j(c) be the first derivative of -3*c**2 - 39*c - 16. What is the tens digit of j(-16)?
5
Suppose -5*y + 0*y - 19 = -h, 0 = -4*y + 5*h - 11. Let x(z) = z**3 + 8*z**2 + 10*z + 2. What is the units digit of x(y)?
6
Suppose 0 = -5*s + s. Suppose -3*q + 5*g - 34 = s, 2*q + 35 - 11 = 4*g. Let p = 3 - q. What is the tens digit of p?
1
Suppose -4*v + 12 = -0*v. Suppose -a = -3*a - 4*k + 134, v*k = 0. What is the units digit of a?
7
Suppose 4*o + 3*z = 9, 0*o + 2*o - 2*z = -6. Suppose -5*j - 3*u + 45 = o, j + 0*u + 5*u = -13. What is the tens digit of j?
1
Let l(h) = -h**3 - 12*h**2 + 13*h. Let o be l(-13). Suppose o = 8*d - 3*d - 700. What is the tens digit of d?
4
Let z = 626 + 887. What is the hundreds digit of z?
5
Suppose -25*g - 16414 = -54*g. What is the units digit of g?
6
Suppose -35 = -4*w + 5*v, 2*w - 3 = 2*v + 13. Suppose m = 4*a - 5*a + 28, -4*a = w*m - 143. Let i = m + -18. What is the units digit of i?
3
Let d(y) = 6*y**2 - 2*y + 1. Let p = 16 + -15. Let m be d(p). Suppose -4*b - 2*q = -100 - 30, -m*b - q = -158. What is the tens digit of b?
3
Suppose -9*g + 8 = -5*g. Suppose -g*b + 6*b = 288. What is the units digit of b?
2
Suppose 2*f + 3*z = 358, 3*z - 8*z = 5*f - 885. What is the units digit of f?
3
Let a(n) = 21*n**2 + 28*n + 239. What is the hundreds digit of a(-9)?
6
Suppose -5*d + 32 = 107. What is the tens digit of -72*10/d + 1?
4
Let z(s) = s**2 + 10 + 0*s + s - 2*s. Let j be z(6). Let y = j + -10. What is the tens digit of y?
3
Let u(p) = p**3 + 15*p**2 + 13*p - 32. Let n be u(-14). Let x = n + 33. What is the units digit of x?
5
Suppose 3*f - 1495 - 382 = -5*t, 3*t - 1881 = -3*f. What is the tens digit of f?
2
Suppose -2*j + 100 = 2*j + 4*o, -73 = -3*j - o. Suppose 144 = 3*h - j. What is the tens digit of h?
5
Let s(t) = -t**2 - 7*t - 6. Let f(u) = u**2 + 11*u + 1. Let z be f(-10). Let g be s(z). Let j = 25 + g. What is the units digit of j?
1
Suppose -5*i = 10*b - 6*b - 3508, -5*i + 3*b = -3494. What is the tens digit of i?
0
Let d be -7 + 2 - 15/((-20)/4). What is the tens digit of (d/6*32)/(5/(-15))?
3
Suppose 0 = -10*n + 12*n - 3*z - 3421, 5*z = -5. What is the hundreds digit of n?
7
Suppose -5*f + 10 = 5*x, -4*x = -3*f - x + 6. Suppose -3*y + 42 = 3*g, -3*g - 5 = y - 13. Suppose 25 = s - f*m, 3*s = -m + 37 + y. What is the tens digit of s?
1
Let o be (-8)/6 + 16/3. Suppose 7*u - 6*u - o = 0. Suppose -5*w = -u*w - 24. What is the tens digit of w?
2
Let i = -155 + 292. Let b = -56 + i. What is the tens digit of b?
8
Let d be 21/((8/4)/((-8)/6)). Let t(l) = -l**3 - 12*l**2 + 17*l - 12. What is the hundreds digit of t(d)?
1
Suppose 10 = -3*v + 5*v. Suppose -v*w + 204 = -w. Let l = w - 21. What is the tens digit of l?
3
Let x be 3/(-9) - 404/12. Let i = 59 + x. What is the tens digit of i?
2
Let w(l) = 1 + 5 - 1 - l. Let s = -26 - -22. What is the units digit of w(s)?
9
Suppose -5*t - 5 = 0, -5*h + 85 + 328 = -3*t. Let o be ((-354)/(-9))/(-2) - (-13)/(-39). Let w = o + h. What is the units digit of w?
2
What is the tens digit of 966 + ((-45)/(-9) - (-1 - -4))?
6
Let m = -877 + 1402. What is the units digit of m?
5
Let d(w) = -164*w - 512. What is the tens digit of d(-19)?
0
Let v(r) = -r + 57. Let l be v(0). Suppose -2*i + i = -l. Suppose 0*m - 3*m + i = 0. What is the units digit of m?
9
Suppose 5*r - 17*r = -7428. What is the hundreds digit of r?
6
Let c(m) be the second derivative of -m**3/6 + 16*m**2 + 10*m. What is the units digit of c(0)?
2
Let r be -3 - 1 - ((-10)/(-5) - 5). What is the hundreds digit of 2 + -4 - ((-2)/r - 105)?
1
Suppose -w - 2*r + 315 = 4*w, 2*w - 2*r - 112 = 0. Suppose w = 2*v + 17. Suppose 6*b + 4 = v. What is the units digit of b?
3
Let y be 3/(42/(-8))*-7. Suppose 0*w + y*f - 26 = -2*w, -5*w - 4*f + 47 = 0. What is the units digit of w?
7
Suppose 3*i = 2*w - 18, -1 - 1 = -2*w - i. Suppose 4*t - 4*q = 88, t - 17 = -3*q - w. What is the tens digit of t?
2
Let c(v) = -v**3 + 48*v**2 - 141*v + 75. What is the tens digit of c(43)?
5
Suppose -4*c + 8*c = -4*c. Suppose 0 = -c*y + 10*y - 2050. What is the hundreds digit of y?
2
Suppose -2*a + 19 = -7. Suppose 0 = 5*p + 17 + a. What is the tens digit of 6/9*(-99)/p?
1
Let x = 205 + 62. Suppose 4*k - 24 = -2*w, w + k = -2*w + 21. Suppose -x = -5*l + z, 5*z = -l + w*z + 51. What is the units digit of l?
4
Let l = 41 - 60. Let a = 51 + l. What is the tens digit of a?
3
Let n(v) be the third derivative of v**5/12 - v**4/12 - 13*v**3/6 - 17*v**2. What is the tens digit of n(5)?
0
What is the hundreds digit of 4 - (-5)/(-10)*-242?
1
Suppose -4*v + 2928 = -268. What is the hundreds digit of v?
7
Let d = 3458 + -1786. What is the hundreds digit of d?
6
Let h(w) be the third derivative of 1/24*w**4 + 3*w**3 + 0 + 0*w - 6*w**2. What is the units digit of h(-7)?
1
Let h(j) = j**2 - 2*j - 26. Let r be h(11). Let x = r + -18. What is the tens digit of x?
5
Let s be 4/2 - (-1 + 2). Let y be (s - -3)*(-2)/4. What is the units digit of (-11 - 3)/y + 1?
8
Let r(t) = -t**2 + 2*t - 9. Let v(o) = -o - 1. Let u(x) = r(x) - 5*v(x). Let a be u(8). What is the tens digit of (-3 + (-44)/a)*33?
2
Suppose 4*h + 1 = 9. Suppose h*i - 20 = 2*c, -3*c - 35 = -3*i - c. Let t = i - 8. What is the units digit of t?
7
Let o(z) = -80*z - 99. What is the tens digit of o(-8)?
4
Suppose 2*h - 36 = -h. Let q = h + -12. Suppose -p + q*p = -15. What is the units digit of p?
5
Let l(x) = 84*x**2 - 2*x + 8. What is the units digit of l(3)?
8
Let h(u) = -26*u - 66. What is the tens digit of h(-6)?
9
Let l(g) = -13*g + 5. Let k(b) = 13*b - 7. Let s(h) = 2*k(h) + 3*l(h). Let d(w) = -w**2 - 1. Let z be d(0). What is the tens digit of s(z)?
1
Let j(z) = z**3 - 13*z**2 + 2*z - 12. Let l be j(11). Let b = 358 + l. What is the tens digit of b?
2
Let w(b) = b**3 + 10*b**2 + 9*b - 4. Let k be w(-9). What is the units digit of (0 + k - -15) + -3?
8
Let r = 30 + -16. Let q = r - 10. Suppose -3*t = -q*t + 23. What is the tens digit of t?
2
What is the units digit of (-55)/(-60)*3*(-3 + 887)?
1
Let s be (58/5)/(-2*3/30). Let a = 126 + s. What is the tens digit of a?
6
Let t(i) = i + 23. Let n be t(-21). Let d(v) = -2*v + 3. Let r be d(-4). Suppose -s - r = -2*w + 14, -w - n*s + 25 = 0. What is the units digit of w?
5
What is the units d